{"id":1078,"date":"2016-01-06T15:52:39","date_gmt":"2016-01-06T14:52:39","guid":{"rendered":"http:\/\/blog.sebrem.de\/?page_id=1078"},"modified":"2016-01-08T13:21:33","modified_gmt":"2016-01-08T12:21:33","slug":"internationales-sprachcafe-dortmund","status":"publish","type":"page","link":"https:\/\/blog.sebrem.de\/?page_id=1078","title":{"rendered":"Internationales Sprachcaf\u00e9 Dortmund"},"content":{"rendered":"<figure id=\"attachment_1086\" aria-labelledby=\"figcaption_attachment_1086\"  class=\"wp-caption aligncenter\"  ><a href=\"https:\/\/blog.sebrem.de\/wp-content\/uploads\/2016\/01\/Sprachcafe_neu.jpg\" rel=\"attachment wp-att-1086\"><img loading=\"lazy\" decoding=\"async\" src=\"https:\/\/blog.sebrem.de\/wp-content\/uploads\/2016\/01\/Sprachcafe_neu-1024x724.jpg\" alt=\"Internationales Sprachcaf\u00e9 Dortmund - Ortswechsel, MUK G\u00fcntherstra\u00dfe 65, Dortmund\" width=\"802\" height=\"567\" class=\"size-large wp-image-1086\" srcset=\"https:\/\/blog.sebrem.de\/wp-content\/uploads\/2016\/01\/Sprachcafe_neu-1024x724.jpg 1024w, https:\/\/blog.sebrem.de\/wp-content\/uploads\/2016\/01\/Sprachcafe_neu-300x212.jpg 300w, https:\/\/blog.sebrem.de\/wp-content\/uploads\/2016\/01\/Sprachcafe_neu-768x543.jpg 768w\" sizes=\"auto, (max-width: 802px) 100vw, 802px\" \/><\/a><figcaption id=\"figcaption_attachment_1086\"  class=\"wp-caption-text\">Internationales Sprachcaf\u00e9 Dortmund<\/figcaption><\/figure>\n<h2>Deutsch<\/h2>\n<p>Gegr\u00fcndet durch Aktive der \u00dcbergangseinrichtung f\u00fcr gefl\u00fcchtete Menschen &#8220;<a href=\"http:\/\/am-ostpark.de\/\">Am Ostpark<\/a>&#8221; in Dortmund (Tr\u00e4ger ist der <a href=\"http:\/\/www.caritasdortmund.de\/web\/\">Caritasverband Dortmund e.V.<\/a>) startete im August 2015 das Sprachcaf\u00e9. Konnten wir uns Anfangs im <a href=\"https:\/\/blog.sebrem.de\/?location=schlegels-dortmund\">Schlegels<\/a> treffen, sind wir nun im &#8220;<a href=\"https:\/\/blog.sebrem.de\/?location=musik-und-kulturzentrums-muk\">Musik- und Kulturzentrum MUK<\/a>&#8221; in der G\u00fcntherstra\u00dfe 65 in Dortmund.<br \/>\nDer Eingang befindet sich links vom Geb\u00e4ude, durch das gr\u00fcne Tor direkt daneben und dann die Treppe oder Metallrampe hinauf. Wir h\u00e4ngen Plakate in die Fenster.<\/p>\n<p>Das Treffen findet jeden 1. und 3. Dienstag im Monat statt &#8211; jeder ist willkommen!<\/p>\n<p>Weitere Informationen gibt es auch auf der <a href=\"http:\/\/sprachcafe-do.jimdo.com\/\">Webseite<\/a> und auf <a href=\"https:\/\/www.facebook.com\/SprachcafeamOstpark\/\">Facebook<\/a>&#8230;<\/p>\n<h2>English<\/h2>\n<p>The Sprachcaf\u00e9 (language exchange) was founded in August 2015 by persons active in the temporary refugee dormitory &#8220;<a href=\"http:\/\/am-ostpark.de\/\">Am Ostpark<\/a>&#8221; in Dortmund (funded by <a href=\"http:\/\/www.caritasdortmund.de\/web\/\">Caritasverband Dortmund e.V.<\/a>). In the beginning we met at <a href=\"https:\/\/blog.sebrem.de\/?location=schlegels-dortmund\">Schlegels<\/a>, now we&#8217;re at &#8220;<a href=\"https:\/\/blog.sebrem.de\/?location=musik-und-kulturzentrums-muk\">Musik- und Kulturzentrum MUK<\/a>&#8221; in G\u00fcntherstra\u00dfe 65 in Dortmund.<br \/>\nThe entrance is left-hand of the building, through the green gate right next to it and up the stairs or ramp. We&#8217;ll put posters into the windows.<\/p>\n<p>The language exchange takes place every 1st and 3rd Tuesday of the month &#8211; everyone&#8217;s welcome!<\/p>\n<p>Find more information on the <a href=\"http:\/\/sprachcafe-do.jimdo.com\/\">web site<\/a> and on <a href=\"https:\/\/www.facebook.com\/SprachcafeamOstpark\/\">facebook<\/a>&#8230;<\/p>\n<p><a href=\"https:\/\/blog.sebrem.de\/wp-content\/uploads\/2016\/01\/sprachcafe-skizze.png\" rel=\"attachment wp-att-1128\"><img loading=\"lazy\" decoding=\"async\" src=\"https:\/\/blog.sebrem.de\/wp-content\/uploads\/2016\/01\/sprachcafe-skizze-1024x704.png\" alt=\"Anfahrt MUK, G\u00fcntherstra\u00dfe 65, 44143 Dortmund\" width=\"802\" height=\"551\" class=\"aligncenter size-large wp-image-1128\" srcset=\"https:\/\/blog.sebrem.de\/wp-content\/uploads\/2016\/01\/sprachcafe-skizze-1024x704.png 1024w, https:\/\/blog.sebrem.de\/wp-content\/uploads\/2016\/01\/sprachcafe-skizze-300x206.png 300w, https:\/\/blog.sebrem.de\/wp-content\/uploads\/2016\/01\/sprachcafe-skizze-768x528.png 768w, https:\/\/blog.sebrem.de\/wp-content\/uploads\/2016\/01\/sprachcafe-skizze.png 1405w\" sizes=\"auto, (max-width: 802px) 100vw, 802px\" \/><\/a><\/p>\n","protected":false},"excerpt":{"rendered":"<p>Deutsch Gegr\u00fcndet durch Aktive der \u00dcbergangseinrichtung f\u00fcr gefl\u00fcchtete Menschen &#8220;Am Ostpark&#8221; in Dortmund (Tr\u00e4ger ist der Caritasverband Dortmund e.V.) startete im August 2015 das Sprachcaf\u00e9. Konnten wir uns Anfangs im Schlegels treffen, sind wir nun im &#8220;Musik- und Kulturzentrum MUK&#8221; in der G\u00fcntherstra\u00dfe 65 in Dortmund. Der Eingang befindet sich links vom Geb\u00e4ude, durch das gr\u00fcne Tor direkt daneben und dann die Treppe oder Metallrampe hinauf. Wir h\u00e4ngen Plakate in die Fenster. Das Treffen findet jeden 1. und 3. Dienstag im Monat statt &#8211; jeder ist willkommen! Weitere Informationen gibt es auch auf der Webseite und auf Facebook&#8230; English The Sprachcaf\u00e9 (language exchange) was founded in August 2015 by persons active in the temporary refugee dormitory &#8220;Am Ostpark&#8221; in Dortmund (funded by Caritasverband Dortmund e.V.). In the beginning we met at Schlegels, now we&#8217;re at &#8220;Musik- und Kulturzentrum MUK&#8221; in G\u00fcntherstra\u00dfe 65 in Dortmund. The entrance is left-hand of the building, through the green gate right next to it and up the stairs or ramp. We&#8217;ll put posters into the windows. The language exchange takes place every 1st and 3rd Tuesday of the month &#8211; everyone&#8217;s welcome! Find more information on the web site and on facebook&#8230;<\/p>\n","protected":false},"author":1,"featured_media":0,"parent":42,"menu_order":0,"comment_status":"open","ping_status":"open","template":"","meta":{"sfsi_plus_gutenberg_text_before_share":"","sfsi_plus_gutenberg_show_text_before_share":"","sfsi_plus_gutenberg_icon_type":"","sfsi_plus_gutenberg_icon_alignemt":"","sfsi_plus_gutenburg_max_per_row":"","footnotes":""},"class_list":["post-1078","page","type-page","status-publish","hentry"],"_links":{"self":[{"href":"https:\/\/blog.sebrem.de\/index.php?rest_route=\/wp\/v2\/pages\/1078","targetHints":{"allow":["GET"]}}],"collection":[{"href":"https:\/\/blog.sebrem.de\/index.php?rest_route=\/wp\/v2\/pages"}],"about":[{"href":"https:\/\/blog.sebrem.de\/index.php?rest_route=\/wp\/v2\/types\/page"}],"author":[{"embeddable":true,"href":"https:\/\/blog.sebrem.de\/index.php?rest_route=\/wp\/v2\/users\/1"}],"replies":[{"embeddable":true,"href":"https:\/\/blog.sebrem.de\/index.php?rest_route=%2Fwp%2Fv2%2Fcomments&post=1078"}],"version-history":[{"count":8,"href":"https:\/\/blog.sebrem.de\/index.php?rest_route=\/wp\/v2\/pages\/1078\/revisions"}],"predecessor-version":[{"id":1130,"href":"https:\/\/blog.sebrem.de\/index.php?rest_route=\/wp\/v2\/pages\/1078\/revisions\/1130"}],"up":[{"embeddable":true,"href":"https:\/\/blog.sebrem.de\/index.php?rest_route=\/wp\/v2\/pages\/42"}],"wp:attachment":[{"href":"https:\/\/blog.sebrem.de\/index.php?rest_route=%2Fwp%2Fv2%2Fmedia&parent=1078"}],"curies":[{"name":"wp","href":"https:\/\/api.w.org\/{rel}","templated":true}]}}

Internationales Sprachcafé Dortmund

<figure id="attachment_1086" aria-labelledby="figcaption_attachment_1086"  class="wp-caption aligncenter"  ><a href="https://blog.sebrem.de/wp-content/uploads/2016/01/Sprachcafe_neu.jpg" rel="attachment wp-att-1086"><img loading="lazy" decoding="async" src="https://blog.sebrem.de/wp-content/uploads/2016/01/Sprachcafe_neu-1024x724.jpg" alt="Internationales Sprachcafé Dortmund - Ortswechsel, MUK Güntherstraße 65, Dortmund" width="802" height="567" class="size-large wp-image-1086" srcset="https://blog.sebrem.de/wp-content/uploads/2016/01/Sprachcafe_neu-1024x724.jpg 1024w, https://blog.sebrem.de/wp-content/uploads/2016/01/Sprachcafe_neu-300x212.jpg 300w, https://blog.sebrem.de/wp-content/uploads/2016/01/Sprachcafe_neu-768x543.jpg 768w" sizes="auto, (max-width: 802px) 100vw, 802px" /></a><figcaption id="figcaption_attachment_1086"  class="wp-caption-text">Internationales Sprachcafé Dortmund</figcaption></figure>
<h2>Deutsch</h2>
<p>Gegründet durch Aktive der Übergangseinrichtung für geflüchtete Menschen &#8220;<a href="http://am-ostpark.de/">Am Ostpark</a>&#8221; in Dortmund (Träger ist der <a href="http://www.caritasdortmund.de/web/">Caritasverband Dortmund e.V.</a>) startete im August 2015 das Sprachcafé. Konnten wir uns Anfangs im <a href="https://blog.sebrem.de/?location=schlegels-dortmund">Schlegels</a> treffen, sind wir nun im &#8220;<a href="https://blog.sebrem.de/?location=musik-und-kulturzentrums-muk">Musik- und Kulturzentrum MUK</a>&#8221; in der Güntherstraße 65 in Dortmund.<br />
Der Eingang befindet sich links vom Gebäude, durch das grüne Tor direkt daneben und dann die Treppe oder Metallrampe hinauf. Wir hängen Plakate in die Fenster.</p>
<p>Das Treffen findet jeden 1. und 3. Dienstag im Monat statt &#8211; jeder ist willkommen!</p>
<p>Weitere Informationen gibt es auch auf der <a href="http://sprachcafe-do.jimdo.com/">Webseite</a> und auf <a href="https://www.facebook.com/SprachcafeamOstpark/">Facebook</a>&#8230;</p>
<h2>English</h2>
<p>The Sprachcafé (language exchange) was founded in August 2015 by persons active in the temporary refugee dormitory &#8220;<a href="http://am-ostpark.de/">Am Ostpark</a>&#8221; in Dortmund (funded by <a href="http://www.caritasdortmund.de/web/">Caritasverband Dortmund e.V.</a>). In the beginning we met at <a href="https://blog.sebrem.de/?location=schlegels-dortmund">Schlegels</a>, now we&#8217;re at &#8220;<a href="https://blog.sebrem.de/?location=musik-und-kulturzentrums-muk">Musik- und Kulturzentrum MUK</a>&#8221; in Güntherstraße 65 in Dortmund.<br />
The entrance is left-hand of the building, through the green gate right next to it and up the stairs or ramp. We&#8217;ll put posters into the windows.</p>
<p>The language exchange takes place every 1st and 3rd Tuesday of the month &#8211; everyone&#8217;s welcome!</p>
<p>Find more information on the <a href="http://sprachcafe-do.jimdo.com/">web site</a> and on <a href="https://www.facebook.com/SprachcafeamOstpark/">facebook</a>&#8230;</p>
<p><a href="https://blog.sebrem.de/wp-content/uploads/2016/01/sprachcafe-skizze.png" rel="attachment wp-att-1128"><img loading="lazy" decoding="async" src="https://blog.sebrem.de/wp-content/uploads/2016/01/sprachcafe-skizze-1024x704.png" alt="Anfahrt MUK, Güntherstraße 65, 44143 Dortmund" width="802" height="551" class="aligncenter size-large wp-image-1128" srcset="https://blog.sebrem.de/wp-content/uploads/2016/01/sprachcafe-skizze-1024x704.png 1024w, https://blog.sebrem.de/wp-content/uploads/2016/01/sprachcafe-skizze-300x206.png 300w, https://blog.sebrem.de/wp-content/uploads/2016/01/sprachcafe-skizze-768x528.png 768w, https://blog.sebrem.de/wp-content/uploads/2016/01/sprachcafe-skizze.png 1405w" sizes="auto, (max-width: 802px) 100vw, 802px" /></a></p>

<p>Deutsch Gegründet durch Aktive der Übergangseinrichtung für geflüchtete Menschen &#8220;Am Ostpark&#8221; in Dortmund (Träger ist der Caritasverband Dortmund e.V.) startete im August 2015 das Sprachcafé. Konnten wir uns Anfangs im Schlegels treffen, sind wir nun im &#8220;Musik- und Kulturzentrum MUK&#8221; in der Güntherstraße 65 in Dortmund. Der Eingang befindet sich links vom Gebäude, durch das grüne Tor direkt daneben und dann die Treppe oder Metallrampe hinauf. Wir hängen Plakate in die Fenster. Das Treffen findet jeden 1. und 3. Dienstag im Monat statt &#8211; jeder ist willkommen! Weitere Informationen gibt es auch auf der Webseite und auf Facebook&#8230; English The Sprachcafé (language exchange) was founded in August 2015 by persons active in the temporary refugee dormitory &#8220;Am Ostpark&#8221; in Dortmund (funded by Caritasverband Dortmund e.V.). In the beginning we met at Schlegels, now we&#8217;re at &#8220;Musik- und Kulturzentrum MUK&#8221; in Güntherstraße 65 in Dortmund. The entrance is left-hand of the building, through the green gate right next to it and up the stairs or ramp. We&#8217;ll put posters into the windows. The language exchange takes place every 1st and 3rd Tuesday of the month &#8211; everyone&#8217;s welcome! Find more information on the web site and on facebook&#8230;</p>
